7
What are the prime factors of 325240?
2, 5, 47, 173
What are the prime factors of 490469?
7, 70067
List the prime factors of 19786615.
5, 281, 14083
What are the prime factors of 602408?
2, 257, 293
List the prime factors of 11657767.
11, 17, 31, 2011
What are the prime factors of 28788029?
89, 107, 3023
What are the prime factors of 696288?
2, 3, 7253
List the prime factors of 462396.
2, 3, 11, 31, 113
What are the prime factors of 3417054?
2, 3, 137, 4157
What are the prime factors of 5935538?
2, 7, 307, 1381
List the prime factors of 766970.
2, 5, 76697
What are the prime factors of 5533950?
2, 3, 5, 79, 467
List the prime factors of 612017.
7, 17, 37, 139
List the prime factors of 1324005.
3, 5, 61, 1447
What are the prime factors of 149940?
2, 3, 5, 7, 17
List the prime factors of 167354.
2, 11, 7607
List the prime factors of 367519.
367519
List the prime factors of 190242.
2, 3, 13, 271
What are the prime factors of 26160124?
2, 97, 191, 353
What are the prime factors of 151129?
11, 1249
List the prime factors of 1040830.
2, 5, 7, 14869
What are the prime factors of 2116083?
3, 331, 2131
What are the prime factors of 315248?
2, 17, 19, 61
What are the prime factors of 1626801?
3, 11, 49297
List the prime factors of 8774175.
3, 5, 116989
What are the prime factors of 2873167?
11, 149, 1753
List the prime factors of 5111648.
2, 159739
What are the prime factors of 27828970?
2, 5, 13, 214069
List the prime factors of 218350.
2, 5, 11, 397
What are the prime factors of 416985?
3, 5, 27799
List the prime factors of 2957046.
2, 3, 19, 25939
List the prime factors of 2055653.
101, 20353
List the prime factors of 27955658.
2, 13977829
List the prime factors of 2834005.
5, 127, 4463
What are the prime factors of 1277973?
3, 149, 953
What are the prime factors of 1367708?
2, 341927
List the prime factors of 33714917.
33714917
What are the prime factors of 840740?
2, 5, 127, 331
What are the prime factors of 114960?
2, 3, 5, 479
List the prime factors of 543969.
3, 20147
What are the prime factors of 13091?
13, 19, 53
List the prime factors of 30466638.
2, 3, 564197
What are the prime factors of 4101619?
229, 17911
What are the prime factors of 3469983?
3, 11, 71, 1481
What are the prime factors of 5553686?
2, 2776843
List the prime factors of 107639.
7, 15377
List the prime factors of 1305308.
2, 43, 7589
What are the prime factors of 184810?
2, 5, 18481
What are the prime factors of 24639?
3, 43, 191
List the prime factors of 235163.
19, 12377
List the prime factors of 4561452.
2, 3, 7, 23, 787
What are the prime factors of 6798233?
13, 281, 1861
What are the prime factors of 45476?
2, 11369
What are the prime factors of 414505?
5, 7, 13, 911
What are the prime factors of 20583213?
3, 7, 19, 79, 653
What are the prime factors of 253673?
7, 31, 167
What are the prime factors of 1085340?
2, 3, 5, 18089
What are the prime factors of 4370910?
2, 3, 5, 53, 2749
What are the prime factors of 8372878?
2, 37, 113147
What are the prime factors of 4004812?
2, 7, 281, 509
List the prime factors of 90486.
2, 3, 11, 457
What are the prime factors of 160154?
2, 80077
What are the prime factors of 315279?
3, 11677
What are the prime factors of 512797?
512797
What are the prime factors of 1031792?
2, 59, 1093
List the prime factors of 85847.
85847
What are the prime factors of 1484220?
2, 3, 5, 29, 853
List the prime factors of 332592.
2, 3, 13, 41
What are the prime factors of 166341?
3, 7, 89
List the prime factors of 980546.
2, 7, 70039
What are the prime factors of 361380?
2, 3, 5, 19, 317
List the prime factors of 1147268.
2, 73, 3929
List the prime factors of 402092.
2, 100523
What are the prime factors of 19594269?
3, 41, 53101
What are the prime factors of 218537?
11, 19867
What are the prime factors of 24437043?
3, 149, 18223
What are the prime factors of 238010?
2, 5, 23801
List the prime factors of 642712.
2, 7, 23, 499
What are the prime factors of 2283653?
79, 137, 211
List the prime factors of 24948817.
61, 408997
What are the prime factors of 10926770?
2, 5, 1092677
List the prime factors of 1989521.
659, 3019
List the prime factors of 4407445.
5, 7, 125927
List the prime factors of 298984.
2, 7, 19, 281
List the prime factors of 148207.
148207
What are the prime factors of 7853688?
2, 3, 19, 5741
List the prime factors of 4618699.
23, 8731
List the prime factors of 59347.
17, 3491
List the prime factors of 21987290.
2, 5, 13, 17, 9949
List the prime factors of 194644.
2, 48661
List the prime factors of 350467.
13, 26959
List the prime factors of 534095.
5, 37, 2887
List the prime factors of 3435150.
2, 3, 5, 22901
What are the prime factors of 139416?
2, 3, 37, 157
List the prime factors of 1238217.
3, 412739
List the prime factors of 885371.
885371
List the prime factors of 278864.
2, 29, 601
What are the prime factors of 1514746?
2, 79, 9587
List the prime factors of 1111483.
29, 38327
List the prime factors of 717294.
2, 3, 119549
List the prime factors of 3637526.
2, 479, 3797
What are the prime factors of 2428040?
2, 5, 101, 601
List the prime factors of 10056765.
3, 5, 29, 61, 379
What are the prime factors of 1204435?
5, 139, 1733
What are the prime factors of 88511?
61, 1451
List the prime factors of 109535.
5, 19, 1153
List the prime factors of 24191163.
3, 227, 3947
What are the prime factors of 3257539?
53, 61463
List the prime factors of 159053.
53, 3001
What are the prime factors of 17953932?
2, 3, 577, 2593
List the prime factors of 229342.
2, 114671
List the prime factors of 845640.
2, 3, 5, 29
List the prime factors of 1520691.
3, 23, 22039
List the prime factors of 1589936.
2, 99371
List the prime factors of 2480105.
5, 149, 3329
List the prime factors of 238130.
2, 5, 23813
What are the prime factors of 633687?
3, 211229
What are the prime factors of 23638022?
2, 11819011
List the prime factors of 4364655.
3, 5, 41, 47, 151
List the prime factors of 25937234.
2, 12968617
List the prime factors of 9678.
2, 3, 1613
What are the prime factors of 412555?
5, 11, 13, 577
What are the prime factors of 19660420?
2, 5, 13, 75617
List the prime factors of 236657.
17, 13921
List the prime factors of 2631590.
2, 5, 13, 31, 653
List the prime factors of 2947542.
2, 3, 13, 23, 31, 53
List the prime factors of 4533619.
43, 59, 1787
List the prime factors of 23573942.
2, 7, 23, 179, 409
What are the prime factors of 2639154?
2, 3, 7, 31, 2027
List the prime factors of 179634.
2, 3, 7, 13, 47
What are the prime factors of 1417512?
2, 3, 59063
What are the prime factors of 17770326?
2, 3, 7, 423103
List the prime factors of 55070.
2, 5, 5507
List the prime factors of 112828.
2, 67, 421
What are the prime factors of 4509056?
2, 35227
List the prime factors of 2991973.
47, 63659
What are the prime factors of 630694?
2, 97, 3251
List the prime factors of 3323924.
2, 830981
List the prime factors of 6563049.
3, 2187683
List the prime factors of 302390.
2, 5, 11, 2749
What are the prime factors of 4874451?
3, 67, 24251
What are the prime factors of 7453005?
3, 5, 7, 70981
List the prime factors of 3144254.
2, 827, 1901
What are the prime factors of 23865033?
3, 7955011
What are the prime factors of 183755?
5, 11, 13, 257
List the prime factors of 207559.
11, 18869
What are the prime factors of 2599852?
2, 47, 13829
List the prime factors of 20270108.
2, 5067527
What are the prime factors of 1575989?
1575989
What are the prime factors of 390415?
5, 113, 691
List the prime factors of 1497582.
2, 3, 27733
List the prime factors of 154682.
2, 11, 79, 89
What are the prime factors of 1814005?
5, 362801
List the prime factors of 38399853.
3, 71, 180281
List the prime factors of 553165.
5, 317, 349
List the prime factors of 445260.
2, 3, 5, 41, 181
What are the prime factors of 1335677?
7, 190811
What are the prime factors of 16152773?
7, 13, 139, 1277
What are the prime factors of 648870?
2, 3, 5, 43, 503
What are the prime factors of 6498509?
6498509
List the prime factors of 273490.
2, 5, 7, 3907
What are the prime factors of 86444?
2, 21611
What are the prime factors of 471142?
2, 7, 73, 461
What are the prime factors of 125770?
2, 5, 12577
List the prime factors of 25547.
59, 433
What are the prime factors of 40500?
2, 3, 5
What are the prime fac